{"id":370,"date":"2023-07-15T23:44:47","date_gmt":"2023-07-15T23:44:47","guid":{"rendered":"https:\/\/qoxqo.net\/?page_id=370"},"modified":"2023-07-16T15:07:59","modified_gmt":"2023-07-16T15:07:59","slug":"boern","status":"publish","type":"page","link":"https:\/\/qoxqo.net\/index.php\/boern\/","title":{"rendered":"B\u00f8rn"},"content":{"rendered":"\n<div class=\"wp-block-uagb-image uagb-block-4a49a11e wp-block-uagb-image--layout-default wp-block-uagb-image--effect-static wp-block-uagb-image--align-none\"><figure class=\"wp-block-uagb-image__figure\"><img decoding=\"async\" srcset=\"https:\/\/qoxqo.net\/wp-content\/uploads\/2023\/07\/children-siblings-brother-sister-817365-1024x680.jpg \" sizes=\"(max-width: 480px) 150px\" src=\"https:\/\/qoxqo.net\/wp-content\/uploads\/2023\/07\/children-siblings-brother-sister-817365-1024x680.jpg\" alt=\"children siblings brother sister 817365\" class=\"uag-image-555\" width=\"1024\" height=\"680\" title=\"\" loading=\"lazy\"\/><\/figure><\/div>\n\n\n\n<p>Velkommen til min blog om b\u00f8rn, familie og opdragelse &#8211; et sted dedikeret til at udforske alt, der omhandler b\u00f8rn og deres trivsel i en moderne verden. Her deler jeg min dybe passion for b\u00f8rn og \u00f8nsket om at skabe en st\u00e6rk og k\u00e6rlig opv\u00e6kst for dem.<\/p>\n\n\n\n<p>I dagens hektiske samfund er det vigtigere end nogensinde f\u00f8r at forst\u00e5 b\u00f8rns behov og st\u00f8tte dem p\u00e5 deres livsrejse. Gennem min blog vil jeg dele indsigt, r\u00e5d og inspiration til at tackle de udfordringer, der kan opst\u00e5 undervejs, og til at skabe et harmonisk og meningsfyldt familieliv.<\/p>\n\n\n\n<p>Jeg tror p\u00e5, at opdragelse handler om mere end blot regler og disciplin. Det handler om at skabe et n\u00e6rende milj\u00f8, hvor b\u00f8rn kan udfolde sig, l\u00e6re og udvikle sig til deres fulde potentiale. Vi vil udforske forskellige tilgange til opdragelse, kommunikationsteknikker og m\u00e5der at styrke b\u00f8rns selvv\u00e6rd og selvtillid p\u00e5.<\/p>\n\n\n\n<p>Samtidig vil vi ogs\u00e5 se p\u00e5 de udfordringer, b\u00f8rn st\u00e5r over for i den moderne verden. Fra teknologiens indflydelse p\u00e5 deres liv til de sociale og emotionelle udfordringer, de kan m\u00f8de, vil vi dykke ned i relevante emner og finde l\u00f8sninger, der hj\u00e6lper os med at skabe en sund og balanceret tilv\u00e6relse for vores b\u00f8rn.<\/p>\n\n\n\n<p>Jeg er begejstret for at tage denne rejse sammen med jer og h\u00e5ber, at I vil v\u00e6re en del af vores f\u00e6llesskab. Del jeres erfaringer, stil sp\u00f8rgsm\u00e5l og lad os sammen skabe et rum, hvor vi kan l\u00e6re og vokse som for\u00e6ldre og omsorgspersoner.<\/p>\n\n\n\n<p>Tak fordi I er her, og lad os sammen g\u00f8re en forskel i b\u00f8rnenes liv og trivsel!&#8221;<\/p>\n\n\n\n<p>H\u00e5ber dette eksempel kan v\u00e6re til inspiration for din velkomst til bloggen. Held og lykke med dine indl\u00e6g og det f\u00e6llesskab, du opbygger omkring b\u00f8rn, familie og opdragelse!<\/p>\n","protected":false},"excerpt":{"rendered":"<p>Velkommen til min blog om b\u00f8rn, familie og opdragelse &#8211; et sted dedikeret til at udforske alt, der omhandler b\u00f8rn og deres trivsel i en moderne verden. Her deler jeg min dybe passion for b\u00f8rn og \u00f8nsket om at skabe en st\u00e6rk og k\u00e6rlig opv\u00e6kst for dem. I dagens hektiske samfund er det vigtigere end &hellip; <\/p>\n","protected":false},"author":3,"featured_media":0,"parent":0,"menu_order":0,"comment_status":"closed","ping_status":"closed","template":"","meta":{"om_disable_all_campaigns":false,"_uag_custom_page_level_css":"","_monsterinsights_skip_tracking":false,"_monsterinsights_sitenote_active":false,"_monsterinsights_sitenote_note":"","_monsterinsights_sitenote_category":0},"aioseo_notices":[],"uagb_featured_image_src":{"full":false,"thumbnail":false,"medium":false,"medium_large":false,"large":false,"post-slider-thumb-size":false,"post-category-slider-size":false,"1536x1536":false,"2048x2048":false,"blossom-recipe-schema":false,"blossom-recipe-slider":false,"blossom-recipe-blog":false,"blossom-recipe-blog-one":false,"mailpoet_newsletter_max":false,"woocommerce_thumbnail":false,"woocommerce_single":false,"woocommerce_gallery_thumbnail":false},"uagb_author_info":{"display_name":"Mette Brockmann","author_link":"https:\/\/qoxqo.net\/index.php\/author\/mette-admin\/"},"uagb_comment_info":0,"uagb_excerpt":"Velkommen til min blog om b\u00f8rn, familie og opdragelse &#8211; et sted dedikeret til at udforske alt, der omhandler b\u00f8rn og deres trivsel i en moderne verden. Her deler jeg min dybe passion for b\u00f8rn og \u00f8nsket om at skabe en st\u00e6rk og k\u00e6rlig opv\u00e6kst for dem. I dagens hektiske samfund er det vigtigere end&hellip;","_links":{"self":[{"href":"https:\/\/qoxqo.net\/index.php\/wp-json\/wp\/v2\/pages\/370"}],"collection":[{"href":"https:\/\/qoxqo.net\/index.php\/wp-json\/wp\/v2\/pages"}],"about":[{"href":"https:\/\/qoxqo.net\/index.php\/wp-json\/wp\/v2\/types\/page"}],"author":[{"embeddable":true,"href":"https:\/\/qoxqo.net\/index.php\/wp-json\/wp\/v2\/users\/3"}],"replies":[{"embeddable":true,"href":"https:\/\/qoxqo.net\/index.php\/wp-json\/wp\/v2\/comments?post=370"}],"version-history":[{"count":3,"href":"https:\/\/qoxqo.net\/index.php\/wp-json\/wp\/v2\/pages\/370\/revisions"}],"predecessor-version":[{"id":557,"href":"https:\/\/qoxqo.net\/index.php\/wp-json\/wp\/v2\/pages\/370\/revisions\/557"}],"wp:attachment":[{"href":"https:\/\/qoxqo.net\/index.php\/wp-json\/wp\/v2\/media?parent=370"}],"curies":[{"name":"wp","href":"https:\/\/api.w.org\/{rel}","templated":true}]}}